2*k + 1. Suppose -3*t = 2*t + 20. Let i = -306572 - -306597. What is the remainder when i is divided by z(t)?
7
Suppose 6*v - 65 = -233. Let q = -23 - v. Calculate the remainder when ((-2)/q)/(2/(-120)) is divided by 14.
10
Suppose 5*n - 5*h = 100, -77 = -4*n + 11*h - 10*h. Suppose 0 = -24*r + 32*r - 1624. What is the remainder when r is divided by n?
13
Let j(v) = 17*v - 97. Let s be j(6). Suppose 3*z - s*m - 56 = 0, 16 = 2*z - 2*m + 4*m. What is the remainder when z is divided by 6?
0
What is the remainder when (-13414)/(-6) - ((-4)/6)/(96/(-240)) is divided by 26?
24
Let y(p) = 6*p - 26. Let t be y(6). Let b be ((-364)/t)/(-5 + 46/10). Let w = b + -76. Calculate the remainder when 43 is divided by w.
13
Let b(h) be the first derivative of -h**3/3 - 4*h**2 + 24*h + 28. Let s be b(-11). What is the remainder when 142 is divided by s/(-6) - (-110)/4?
26
Let f(a) = a + 39. Suppose -751 - 145 = -16*k. Calculate the remainder when f(0) is divided by (36/(-72))/((-2)/k).
11
Suppose -282 + 1815 = 7*i. What is the remainder when i is divided by (-400)/30 - -12 - 338/12*-2?
54
Let h(u) = -3*u - 1. Suppose 269*j - 440 = 261*j. Suppose -600 = -j*p + 31*p. What is the remainder when p is divided by h(-5)?
11
Let n(q) = -q**2 + 9*q + 39. Let l(f) = -f + 2*f - 5*f. What is the remainder when l(-8) is divided by n(11)?
15
Suppose 150 = -7756*q + 7761*q. Suppose -5*a + 423 = 3*x, 0*a = -2*x + a + 295. What is the remainder when x is divided by q?
26
Suppose 6*v = -2*w + 5*v - 37, 5*w + 109 = 3*v. Let t = w - -64. Suppose t - 12 = 2*n. Calculate the remainder when 125 is divided by n.
13
Let r(x) = 9*x**2 + 3*x - 2. Let i = -103620 + 103642. Calculate the remainder when r(5) is divided by i.
18
Let t(k) = -21*k + 1. Suppose -221 = -2*d + 889. Let f = -491 + d. Calculate the remainder when f is divided by t(-1).
20
Let m = 317565 - 317551. What is the remainder when (-1 - 1)*-1*33 is divided by m?
10
Let g = 223 + -197. Calculate the remainder when -2*(1 - g) + (13 - 9) is divided by 11.
10
Let r = -20 + 44. Let z = r - -20. Calculate the remainder when z is divided by 19.
6
Suppose -2*m = 3*u - 101 + 10, 0 = -5*m + 2*u + 161. What is the remainder when 2777 is divided by m?
12
Let j(m) = 5*m**3 - 16*m**2 - 17*m + 38. Calculate the remainder when 38 is divided by j(4).
4
Let n = -5 + 9. Calculate the remainder when (-23 - -31)/(3 - 17/6) is divided by n.
0
Calculate the remainder when ((-22)/8)/(3*(-14)/28392) is divided by 133.
130
Let h be 578/153 - (-2)/9. Let v be h/22 - 3*4170/198. Let d = v + 83. What is the remainder when d is divided by 14?
6
Let x(m) = 14*m**2 - 16*m - 17. What is the remainder when 522 is divided by x(-1)?
2
Suppose 2*g + 465 + 495 = 1004. Calculate the remainder when 1011 is divided by g.
21
Let f be -7 - (-9 + 6 - 31). Calculate the remainder when 80 is divided by 1/(1/(-1)) + 1 + f.
26
Let f be (-38)/8 - (19/(-4) + 4). Suppose -4*b - 4*s + 178 = -2*b, -380 = -4*b - 2*s. Calculate the remainder when b is divided by 4 + 4/(0 - f) + 9.
13
Let n(x) = x**3 - 7*x**2 - 11*x + 32. Let y be n(8). Let q(s) = -2*s**2 + 16*s + 8. What is the remainder when 35 is divided by q(y)?
3
Let z = -4 + 4. Let d(n) = n + 38. Let j = 11870 + -11857. Calculate the remainder when d(z) is divided by j.
12
Let o(a) = -52*a + 4. Let k be o(-4). Suppose -5*i = -k + 172. Suppose 4*j = 3*j + 71. Calculate the remainder when j is divided by i.
7
Suppose -4*w - 426 = -4*c - 110, -4*w + 116 = 2*c. What is the remainder when 112 is divided by c?
40
Calculate the remainder when 418 is divided by ((-6)/(-13))/((-555)/(-7215)).
4
Calculate the remainder when 7/1*3565/35 is divided by 353.
7
Let t = -154 - 3. Let s = 175 + t. What is the remainder when 34 is divided by s?
16
Let t = 51 - 46. Suppose -3*u + t*p - 5 = p, 0 = -5*u + 4*p + 5. Suppose -x - 132 = -u*x. What is the remainder when 130 is divided by x?
31
Let v(f) = -13*f**3 + 40*f**3 - 5*f + 3 - 18*f**2 - 19*f**3. Calculate the remainder when v(3) is divided by 12.
6
Let j be (-1)/3 - 66/(-9). What is the remainder when -2 + -2 - (12/(-1) + -1) is divided by 4/(-14) - (-30)/j?
1
Let x(o) = -o**3 + 10*o**2 - 13*o - 6. Suppose -192 = -f - 5*f. Let c = f + -24. Calculate the remainder when 178 is divided by x(c).
16
Calculate the remainder when (-297)/18*(1228/(-30) + 4/(-10)) is divided by 16.
10
Let g(j) = -j**3 + j**2 + 2*j + 30. Let d be g(0). Calculate the remainder when 2 - (-32 - 4/(24/d)) is divided by 23.
16
Let w = -534 + 557. Suppose 0 = 5*z - z - 1448. Suppose -2*k = -4*l + 271 + 453, 2*l - z = -4*k. What is the remainder when l is divided by w?
20
Suppose -2*x = -3*r - 308, -3*x + 287*r + 553 = 289*r. What is the remainder when x is divided by 0 + ((-84)/(-3) - -2)?
25
Suppose 13*f - 8*f = 6250. Suppose 3*h - 2*i = f, 3*i + 1754 = 4*h + 88. Calculate the remainder when h is divided by 15.
13
Let t be (6/4)/(((-27)/4)/(-9)). Let j(c) = 20*c - 8*c - 2*c**2 - 23*c + 6 + c**t. What is the remainder when 47 is divided by j(-11)?
5
Suppose 2*i = 4, n - i + 1 = 16. Let f = -25 - -33. Suppose -5*z + 13 = 4*t + 5, z + 4*t + f = 0. Calculate the remainder when n is divided by z.
1
Suppose -10 = n + 3*b - 0, 4*b = -2*n - 24. Let x be ((-2)/(n/786))/((-1)/(-4)). Let u = x + -278. Calculate the remainder when u is divided by 29.
28
Let m(p) = 5*p**3 - 16*p**2 + 48*p - 48. Suppose 5*r + 0*r + 20 = -f, -2*f - 10 = 4*r. What is the remainder when m(2) is divided by f?
4
Let a = -114 + 127. Let m = 128 - 14. Calculate the remainder when m is divided by a.
10
Let t(f) = 6*f**2 - 26*f - 6. Let b(g) = 5*g**2 - 25*g - 7. Let x(d) = 5*b(d) - 4*t(d). Let i = 72 + -51. Calculate the remainder when i is divided by x(22).
10
Suppose 3*z = -z + 20. Suppose 3*k - 14 = y - 1, 3*k = -z*y + 43. Let c = -450 - -514. What is the remainder when c is divided by k?
4
Suppose -5*r + 2*a + 2291 = 0, 4*r - 5*a + 116 = 1959. Calculate the remainder when r is divided by 451.
6
Let c = 572 + -950. Let k = c + 268. Let o = 197 + k. Calculate the remainder when o is divided by 30.
27
Let g = 375 - 454. Suppose 6*z - 2*z + 416 = 0. Let b = g - z. What is the remainder when 72 is divided by b?
22
Let g(b) = -b**3 - 25*b**2 - 2*b + 7. Suppose 9*a = -3*o + 6*a + 30, 4*o - 46 = -a. What is the remainder when g(-25) is divided by o?
9
Suppose 4*r = 3*c - 11, 2*c - 57 = -3*c - 3*r. Suppose -z + 22 = 3*m, -8*z = -c*z + m + 22. What is the remainder when z is divided by 18?
4
Let q(n) = 5*n + 53 - 28 - 16*n - n**2. Calculate the remainder when 58 is divided by q(-10).
23
Let y be ((-57)/5)/((-7)/(-210)*6). Let r = y + 54. Calculate the remainder when 17 + -2 + (r - 0) is divided by 11.
1
Suppose 33 + 9 = 2*i - 2*a, 5*i + 2*a = 98. Suppose 5*v - 9*v = -4*q + 344, 4*q + 3*v = 330. Let l = q + i. Calculate the remainder when l is divided by 35.
34
Suppose -1 = -2*v + 7. Suppose -v*w - 4*n - 47 + 291 = 0, -3*w + 167 = -n. Let p(d) = 27*d**2 - 6*d. Calculate the remainder when w is divided by p(1).
15
Let z(d) = -d**2 - 12*d - 9. Let k = 54 + 15. Calculate the remainder when k - (-1 - 2 - -1) is divided by z(-3).
17
Suppose -3*k + 384 = 4*m, 11*k + m - 366 = 8*k. What is the remainder when 4197 is divided by k?
117
Suppose 2*p + 67 = -25. Let j = p - -48. Calculate the remainder when 3 + 61/j + (-1)/2 is divided by 12.
9
Suppose 0 = 11*l + 64255 - 73660. Calculate the remainder when l is divided by 21.
15
Let x = -2336 + 2852. What is the remainder when x is divided by 17?
6
Suppose 3*z + 2*z - k = -1, 0 = -3*z - 4*k + 4. Suppose b + 56 = -h, z = -5*h + 3*b - 2*b - 286. Let d = h + 73. Calculate the remainder when d is divided by 5.
1
Suppose 3*t = -2*r + 82, 0 = 25*t - 30*t - 5*r + 130. Suppose -4*x = -13 - 71. Let q = x - 13. Calculate the remainder when t is divided by q.
6
Suppose -2*b + z + 9368 = 0, 3*b - 9356 = b + 4*z. What is the remainder when 3 + (b/39 - 2/13) is divided by 18?
15
Let j = 347 - 333. Let w = 16 - -10. What is the remainder when w is divided by j?
12
Let u(l) = -315*l - 5599. Calculate the remainder when 76 is divided by u(-18).
5
Suppose -447*u - 13002 = -49656. Let q be (-1)/2 + 10/(-4). What is the remainder when u is divided by (q/9)/((-1)/63)?
19
Let m = -4 + 3. Suppose 4617*a = 4619*a - 2*j - 70, -2*a + 4*j + 52 = 0. Ca